37 + 3266. Suppose -3083 = -6*i + l. Is i a composite number?
True
Let y = -6 + 8. Let u = -2 + 4. Suppose j = u*d + y*j - 965, 4*j = -d + 493. Is d prime?
False
Suppose 220 = 8*t - 220. Let g = t - 49. Suppose 1555 = g*w - w. Is w prime?
True
Let y(g) = 25559*g - 97. Let t be y(3). Suppose -f = 19*f - t. Is f a prime number?
False
Let r be (-20)/(-15)*(-6)/4 + 7. Suppose -r*q = -12*q - 6762. Let l = q - -1885. Is l prime?
True
Let k = 1101 - -230. Suppose v - 390 = k. Is v a prime number?
True
Suppose 0 = 10*b + 9 + 1. Let h(w) = -3018*w - 2. Let z be h(b). Suppose -4*a = 3*r - 3024, -6*a + 2*a - r + z = 0. Is a prime?
False
Suppose 19 = 4*a + a + 2*o, 2*o = 4. Suppose 4*g - g = 3*p + 9, -3*p + a = g. Suppose -y + p*y + 1061 = 0. Is y composite?
False
Let d(g) = 31689*g + 427. Is d(4) a prime number?
False
Suppose -w - 2 = -3*v, w + 2 = -2*v - v. Let i = -2 - w. Suppose -9 = -3*p, 2*p + i*p = 4*x - 310. Is x a composite number?
False
Let u(c) = -c - 5. Let h be u(-6). Let j be 67/h + (-2)/(2/3). Let z = 1173 - j. Is z prime?
True
Let n(q) = -4*q**2 + 15*q - 1. Let s be ((-420)/(-27))/2 - (-6)/27. Let i be n(s). Let k = 114 - i. Is k composite?
False
Let g(q) = -7*q**3 + q**2 - 10*q - 9. Let b(d) = -6*d**3 + 2*d**2 - 10*d - 8. Let m(w) = -6*b(w) + 5*g(w). Let h be m(5). Is (-1 + 83)*((-69)/(-6) - h) prime?
False
Let m = -1014083 - -1599306. Is m a composite number?
True
Let x be (-10)/(-75) - (-6472)/60. Let v = -106 + x. Suppose 3*a + 4*h = -v*a + 395, a = -5*h + 58. Is a a composite number?
False
Suppose 0 = -4*h + 2*x + 2596, 0 = -3*h - h - 2*x + 2612. Suppose -h = -5*u - 141. Let c = u - 71. Is c composite?
False
Let j be -4 + 95/(-38)*2*-1. Let q(s) = 9232*s**3 + 2*s**2 - 2*s + 1. Is q(j) a composite number?
True
Let u(v) = v**3 - 10*v**2 + 15*v + 11. Let j be u(8). Is (1 - j)*121848/(-48) composite?
False
Let z(j) = 13165*j - 8. Let o be z(4). Suppose -3*q - o - 22775 = -2*v, 0 = 5*v + 3*q - 188536. Is v a composite number?
True
Suppose -5*o - 3*t - t = -47, -2*o + 29 = 5*t. Let j(l) = 484*l**2 + 8*l - 31. Is j(o) a composite number?
False
Is 47/(-987) + (-18974240)/(-105) a prime number?
False
Let z be -11 - (-3 + -1)/4. Let k be -1913 - (-5)/(z/6). Let w = k + 2713. Is w a composite number?
False
Let j(x) = x**3 - 5*x**2 - 13*x + 7. Let y be j(7). Let t(l) = -l**3 + 14*l**2 - l + 2. Let a be t(y). Is 10144/80 - (a/10 - -1) a composite number?
False
Let r(b) be the first derivative of -11*b**3/3 + 2*b**2 + 2*b + 47. Let g be r(-5). Is (-7)/((-42)/12) + g/(-1) a composite number?
True
Suppose 6 = -2*o + 14. Suppose 4*t + 4*j - 2982 = 5478, o*j = -t + 2103. Is t a prime number?
False
Suppose 1056156 + 556437 = 5*z + 2*g, 3*g + 3 = 0. Is z a composite number?
False
Let u(f) = 15*f**2 - 105*f + 5293. Is u(46) a prime number?
True
Suppose -n = -0*n - 44. Suppose -22*j = -4608 + 54. Let s = n + j. Is s composite?
False
Let m be 2/12 + 92490/(-36). Let d = m - -7138. Is d composite?
True
Suppose 3*x - 2*f - 3*f - 8 = 0, x - 3*f = 4. Let g be (-3*(-8)/(-6))/(1/x). Is (2 - 1) + g + (796 - 6) composite?
False
Let w(g) = g**3 + 3*g**2 - 3*g - 1. Let h be w(-4). Let z(c) = 4*c**3 - 3*c**3 - 2 + 6*c**2 + c**2 - c + 0*c**2. Is z(h) a composite number?
False
Suppose -j - 4*d = 8628, j + 3*d = 4*d - 8608. Let u = j - -19353. Is u prime?
False
Suppose -3*p + 30*p - 18*p = 2441277. Is p a composite number?
False
Suppose -226*z - 397239 = -243*z. Is z a composite number?
True
Let i = 340 + -841. Let c = 1132 + i. Is c composite?
False
Let j = 4457 - 184. Let q = j + -1940. Is q prime?
True
Let b = -614 - -2206. Let t = -1225 + 1228. Suppose 2*z = 0, -5*q + 2198 + b = t*z. Is q a prime number?
False
Let l be -4 + 2 + -2 + 7. Suppose -l*s - 304 = -7*s. Is 24 + -26 + (s + -1)*9 a composite number?
False
Let v(x) = x**3 + 2*x**2 - 38*x + 10. Let q = 548 + -535. Is v(q) prime?
False
Let c = 794 - 910. Suppose 2*b = 4*b + 5*h + 12, 5*h + 24 = -4*b. Is 2*(c/b)/((-20)/(-555)) prime?
False
Suppose u + 5 = 2*d + 1, 5*d = 3*u + 10. Suppose -4*g - d = -2*g. Is g + (-9)/(108/(-80))*210 a composite number?
False
Suppose 4*w = 4, -5057381 = -4*u - 5*w + 887812. Is u a composite number?
False
Suppose -11*n = -13*n + 628. Suppose n = 2*x + 24. Let b = x - -274. Is b prime?
True
Suppose 28206 + 31950 = 6*c. Let q = -935 + c. Is q a composite number?
False
Let p = -68 - -104. Let d = p + 50. Let f = d + 3. Is f composite?
False
Let p(l) = l - 1. Let s(i) = 221*i**2 + 13*i - 21. Let r(a) = -4*p(a) + s(a). Is r(6) composite?
False
Let h(t) = -16 + 10 + 17 - t. Let k be h(8). Suppose r - 1535 = -4*d + 514, -6133 = -k*r + 2*d. Is r prime?
False
Let y be 7 + (-115027)/(-4) + 6/(-8). Suppose -y = -29*r + 22*r. Is r prime?
False
Let v be (-2 - 0 - -6)/((-4)/(-2)). Let u(q) = 436*q**3 + q**2 + 4*q - 9. Is u(v) composite?
False
Let n be 6/(-10)*(1 + -6). Suppose 5*b + 2*k = 9729, -4*b = -k + n*k - 7782. Suppose y + 2*r = 987, 0 = 4*y - r - 2010 - b. Is y prime?
False
Suppose -9 = -5*n + 1. Suppose -43 = -4*a - 3*o, 23 = 2*a + n*o + 1. Suppose a*g - 7687 + 137 = 0. Is g composite?
True
Suppose 587256 = -87*l + 111*l. Is l prime?
True
Let r(f) = -f**3 + 3*f**2 + f - 1. Let t be r(3). Suppose -u = 3*x, 5 = t*u - x - 2. Suppose u*v + 11809 = 4*o, -288 = -o - 5*v + 2670. Is o composite?
False
Suppose 3*j - 22469 = 4*z, -2*z = -24*j + 23*j + 7493. Is j a composite number?
True
Suppose -16732 - 28979 = -9*d. Is d a composite number?
True
Suppose -11*i = -13*i + 12. Let z be (-4316 - i)/(-2 - -1). Suppose 0 = -7*j + z + 2055. Is j a prime number?
True
Let q be (12294/12)/(1/(-6)*3). Let k = 4768 + q. Is k composite?
False
Suppose 3*p - 1146 = -5*b, 265 + 421 = 3*b + p. Let k = b + -116. Suppose 3*c = y + 955, 0 = -4*c + y + 1384 - k. Is c composite?
False
Let t = 439 - 400. Is (-1365487)/(-299) - (18/t)/(-3) a prime number?
True
Let k = -3418 - -5774. Suppose -7*g + 13101 - k = 0. Is g prime?
False
Let z = -9 + 11. Is 1650 + 112/70*(-5)/z prime?
False
Let g = -31881 - -56888. Is g prime?
False
Is (-1 + 2)/(-9 - 14639220/(-1626579)) a composite number?
False
Let p(f) = 83*f**3 - 5*f**2 - 3*f - 12. Let k be p(5). Suppose 5*t = 5*x + 10215, 4*t + k = 9*t - x. Is t composite?
True
Suppose -16*s - x - 147600 = -18*s, 2*s = 5*x + 147608. Is s a prime number?
False
Let s(v) = 133*v + 300. Suppose -25*h + 2255 = 16*h. Is s(h) a composite number?
True
Suppose 4*v = -0*v + 10540. Let n = 5094 - v. Is n a composite number?
False
Is ((-28)/12)/((-56)/133944) composite?
False
Suppose -4*n + 0 = 8. Let g be (-3)/n*(-61430)/(-15). Suppose 15*i - g - 12202 = 0. Is i a prime number?
True
Suppose o = -1 + 3. Let c(r) = -5*r**2 - 70*r + 2. Let y be c(-14). Is 907*1/y*o a composite number?
False
Suppose 5*d - 3*s = -s + 27, -3*d + 13 = -2*s. Let h = d - -3. Suppose -1714 = -h*u + 1456. Is u a composite number?
False
Let a be (6/(-21))/(1/(-14)). Let o be (a + 0)/16 + 6214/8. Suppose 3*j - o = 480. Is j a composite number?
False
Suppose 0 = 2*y - 9*y - 28. Let w be 43 - 29 - -6*2/y. Suppose w*m - 1133 = 308. Is m composite?
False
Let u(k) = -177436*k + 5147. Is u(-5) prime?
False
Let p = -41 - -46. Suppose 3*g = p*z + 31, 3*z + 3*g + 12 = -21. Let v(c) = -2*c + 22. Is v(z) a prime number?
False
Let v(h) = 843*h**2 - 307*h + 1501. Is v(5) composite?
True
Let u = 294802 - 205516. Suppose -4*b = 3*c - u - 3107, 0 = -5*b - c + 115494. Is b a prime number?
True
Suppose 12 = -2*c - 5*h, -c + 0*c + 12 = -2*h. Suppose 166 = d - c*s - 3953, s = -2. Is d a prime number?
True
Let j be (-522)/(-30) + (-4)/10. Suppose -17 = -5*l - j. Suppose l*i = -i + d + 918, 3*i - 5*d - 2752 = 0. Is i composite?
False
Let w(i) = -3036*i - 33. Let j(n) = 3037*n + 33. Let a(h) = 3*j(h) + 4*w(h). Let c be a(13). Is 12/42 + c/(-14) prime?
True
Let c = 359558 + -92673. Is c a prime number?
False
Suppose 128 = -3*k - k. Is 24/k + 3021/12 a composite number?
False
Let q = -219427 + 394580. Is q a composite number?
True
Let z(k) = k**3 - 8*k**2 - 8*k - 19. Let b be z(11). Suppose 0 = 4*u - 8*u + b. Is (1 - 3)*(-8)/(u/124) composite?
False
Let z = -20974 - -49673. Is z a composite number?
True
Let k(c) = -729*c**3 - 2 + 2 + 730*c**3 + 4*c**2. Let n be k(-4). Suppose d - 376 - 619 = n. Is d composite?
True
Let t(v) = -v**2 + 9*v - 38. Let a b